1912546?
2, 719, 1419967
List the prime factors of 566866101.
3, 188955367
List the prime factors of 1465385114.
2, 732692557
List the prime factors of 93231160.
2, 5, 11, 211889
List the prime factors of 259364841.
3, 8923, 9689
List the prime factors of 3779975503.
23, 1297, 126713
List the prime factors of 41333835.
3, 5, 19, 145031
What are the prime factors of 257831627?
14561, 17707
What are the prime factors of 178923193?
97, 1844569
What are the prime factors of 36409165?
5, 13, 113, 4957
What are the prime factors of 405460668?
2, 3, 1871, 18059
What are the prime factors of 448371541?
6197, 72353
What are the prime factors of 250597997?
13, 19276769
What are the prime factors of 42029534?
2, 101, 208067
List the prime factors of 74169016.
2, 37, 127, 1973
What are the prime factors of 74492715?
3, 5, 11, 239, 1889
What are the prime factors of 1041819303?
3, 7, 107, 463649
List the prime factors of 163227932.
2, 7, 5829569
List the prime factors of 559875076.
2, 17, 97, 4993
What are the prime factors of 104218863?
3, 7, 4962803
What are the prime factors of 1138742203?
503, 2263901
What are the prime factors of 81254531?
81254531
List the prime factors of 251642900.
2, 5, 2516429
What are the prime factors of 27645763?
27645763
List the prime factors of 51405073.
51405073
What are the prime factors of 315487301?
315487301
List the prime factors of 456364495.
5, 91272899
What are the prime factors of 62923483?
7, 8989069
List the prime factors of 2406859387.
229, 10510303
What are the prime factors of 34150347?
3, 7, 11, 49279
List the prime factors of 415059265.
5, 23, 3609211
List the prime factors of 979651703.
979651703
What are the prime factors of 285279516?
2, 3, 17, 155381
List the prime factors of 385704779.
23, 1871, 8963
List the prime factors of 90043461.
3, 3334943
What are the prime factors of 689434234?
2, 31, 59, 188473
What are the prime factors of 7915303657?
7915303657
List the prime factors of 80062881.
3, 29, 920263
What are the prime factors of 201476582?
2, 151, 667141
List the prime factors of 74109794.
2, 11, 53, 63559
What are the prime factors of 634143385?
5, 127, 998651
What are the prime factors of 13964084?
2, 3491021
List the prime factors of 175277671.
491, 356981
What are the prime factors of 59307884?
2, 641, 23131
List the prime factors of 153161691.
3, 41, 1245217
What are the prime factors of 2900304680?
2, 5, 7, 13, 401, 1987
What are the prime factors of 566536764?
2, 3, 17, 2777141
What are the prime factors of 3165637114?
2, 1582818557
What are the prime factors of 5400457627?
5647, 956341
What are the prime factors of 104294383?
89, 1171847
List the prime factors of 665574627.
3, 221858209
List the prime factors of 1489314323.
7, 212759189
List the prime factors of 53288176.
2, 3330511
What are the prime factors of 36350583?
3, 12116861
What are the prime factors of 1132389342?
2, 3, 7, 751, 3989
What are the prime factors of 792681511?
103, 7695937
List the prime factors of 584732498.
2, 7, 179, 353, 661
List the prime factors of 2773522302.
2, 3, 19, 179, 199, 683
What are the prime factors of 1436457271?
1436457271
List the prime factors of 383171568.
2, 3, 13, 17, 41, 881
What are the prime factors of 29641881?
3, 19, 433, 1201
What are the prime factors of 19426978?
2, 433, 22433
List the prime factors of 3590451119.
17, 47, 457, 9833
What are the prime factors of 173171865?
3, 5, 197, 58603
What are the prime factors of 259177739?
259177739
List the prime factors of 153502055.
5, 7, 626539
List the prime factors of 16179839.
13, 1244603
List the prime factors of 15799505.
5, 23, 137387
List the prime factors of 39694282.
2, 19847141
List the prime factors of 27886794.
2, 3, 13, 19, 31, 607
What are the prime factors of 80884387?
19, 79, 53887
List the prime factors of 423460780.
2, 5, 61, 347099
List the prime factors of 523703298.
2, 3, 87283883
What are the prime factors of 1830915536?
2, 114432221
What are the prime factors of 779483564?
2, 194870891
List the prime factors of 38461045.
5, 7, 643, 1709
List the prime factors of 991211.
13, 19, 4013
List the prime factors of 5742328101.
3, 1914109367
What are the prime factors of 2716419332?
2, 11, 47, 151, 8699
List the prime factors of 1395102429.
3, 7, 83, 266801
List the prime factors of 176176637.
7, 13, 827, 2341
What are the prime factors of 142406692?
2, 35601673
List the prime factors of 30736791.
3, 113, 30223
List the prime factors of 95213386.
2, 47606693
List the prime factors of 347480538.
2, 3, 57913423
List the prime factors of 65022052.
2, 251, 64763
What are the prime factors of 15024164?
2, 3756041
List the prime factors of 214396948.
2, 3251, 16487
List the prime factors of 151214304.
2, 3, 1187, 1327
List the prime factors of 74987497.
13, 577, 769
What are the prime factors of 1952715882?
2, 3, 13, 25034819
What are the prime factors of 53902292?
2, 13475573
List the prime factors of 374875101.
3, 71, 283, 691
What are the prime factors of 206985585?
3, 5, 37, 149, 2503
What are the prime factors of 193914519?
3, 64638173
What are the prime factors of 276956081?
276956081
What are the prime factors of 5438350484?
2, 7, 194226803
List the prime factors of 4704972758.
2, 67, 443, 79259
What are the prime factors of 85582368?
2, 3, 297161
What are the prime factors of 16926472?
2, 971, 2179
List the prime factors of 422741677.
421, 1004137
What are the prime factors of 239851090?
2, 5, 23985109
List the prime factors of 123144691.
23, 5354117
List the prime factors of 1927129972.
2, 3413, 141161
What are the prime factors of 34959316?
2, 7, 19, 65713
List the prime factors of 1588052111.
281, 5651431
What are the prime factors of 215680626?
2, 3, 7, 347, 4933
List the prime factors of 41163286.
2, 20581643
What are the prime factors of 65569923?
3, 7285547
What are the prime factors of 3318741747?
3, 397, 409, 757
List the prime factors of 52808392.
2, 7, 13, 17, 251
List the prime factors of 993519180.
2, 3, 5, 139, 39709
What are the prime factors of 1133586027?
3, 7, 17, 23, 2707
What are the prime factors of 3180758181?
3, 71, 137, 109001
List the prime factors of 210994015.
5, 337, 125219
What are the prime factors of 44708686?
2, 11, 2032213
List the prime factors of 2909287225.
5, 13, 31, 41, 7043
List the prime factors of 20626250.
2, 5, 29, 569
What are the prime factors of 2756725730?
2, 5, 11, 25061143
List the prime factors of 1903182236.
2, 43, 11065013
What are the prime factors of 172430989?
37, 43, 108379
What are the prime factors of 271238159?
7927, 34217
What are the prime factors of 189068149?
189068149
What are the prime factors of 606275580?
2, 3, 5, 3019, 3347
List the prime factors of 67900298.
2, 2593, 13093
What are the prime factors of 284460731?
16831, 16901
List the prime factors of 234746414.
2, 7, 16767601
List the prime factors of 76499192.
2, 7, 11, 113, 157
List the prime factors of 379502231.
23, 16500097
What are the prime factors of 691633958?
2, 345816979
List the prime factors of 901016589.
3, 11, 53, 73, 7057
What are the prime factors of 347601154?
2, 173800577
What are the prime factors of 32067857?
31, 59, 89, 197
What are the prime factors of 4649951672?
2, 89, 6530831
List the prime factors of 60833339.
7, 8690477
List the prime factors of 4808997482.
2, 2404498741
What are the prime factors of 39239112?
2, 3, 11, 148633
What are the prime factors of 361251839?
13, 27788603
What are the prime factors of 48657700?
2, 5, 7, 13, 5347
List the prime factors of 673372211.
23251, 28961
List the prime factors of 1147940479.
7, 163991497
What are the prime factors of 46257340?
2, 5, 17, 53, 151
List the prime factors of 5510284569.
3, 349, 1754309
List the prime factors of 100168854.
2, 3, 16694809
List the prime factors of 35206110.
2, 3, 5, 83, 1571
List the prime factors of 3953792204.
2, 17, 31, 463, 4051
List the prime factors of 73752351.
3, 3121, 7877
What are the prime factors of 246265278?
2, 3, 7, 23, 79, 461
List the prime factors of 38509169.
2689, 14321
What are the prime factors of 250854092?
2, 2039, 30757
What are the prime factors of 1416401930?
2, 5, 19, 449, 16603
List the prime factors of 334718743.
334718743
List the prime factors of 38036863.
38036863
W